k and a.
14
Let s(v) = v - 11. Let d be s(0). Let n be (d - 1)*6/(-18). Suppose -h - 5*o = -49, -2*o = h - n*h + 62. Calculate the highest common factor of 16 and h.
8
Suppose -2*s + 429 = 11*s. What is the greatest common factor of 6 and s?
3
Let m(s) = 3*s - 35. Let q be m(31). Calculate the greatest common factor of q and 464.
58
Let g(m) = m**3 - 7*m**2 + 18*m - 17. Let b be g(4). Calculate the greatest common divisor of b and 14.
7
Let l(k) = -k**3 + 26*k**2 - 26*k + 40. Let i be l(25). Calculate the highest common divisor of 30 and i.
15
Suppose 0 = -77*c + 80*c - 48. Let p = 79 - c. What is the highest common divisor of 9 and p?
9
Let m = -269 - -312. What is the greatest common factor of m and 1?
1
Suppose -5*q + 3*y = -8, 2*q + 0*q - 12 = -y. Suppose c - q*k - 82 = 0, -c + 3*k = 2*c - 237. Calculate the highest common factor of 52 and c.
26
Let g = -18 - -45. Let y be 26 + 16*4/(-8). What is the greatest common divisor of y and g?
9
Let p be ((-24)/(-30))/((-4)/(-10)). Suppose t - 3 = -i - p*i, -t - 11 = -4*i. What is the greatest common factor of 2 and i?
2
Suppose 0*b + 2*b + 3*j - 130 = 0, -5*b + 5*j + 350 = 0. Let i = b + -33. Calculate the highest common factor of i and 280.
35
Let r(g) = -3*g**3 + 4*g**2 + 7*g - 6. Let p be r(4). Let y = -58 - p. Calculate the highest common divisor of y and 432.
48
Let j be (-1)/2 - 9176/(-16). Let g = j + -357. What is the greatest common divisor of g and 36?
36
Suppose -5*d - 2*q + 55 = -0*d, q = -5*d + 60. Calculate the highest common divisor of d and 91.
13
Suppose -3*a - 120 = a. Let o = a - -54. Suppose 0 = h + j - 266, 0 = -h - j + 4*j + 258. Calculate the highest common divisor of o and h.
24
Let l be 2 + 3688/14 - 12/28. What is the greatest common divisor of l and 212?
53
Suppose -w - 5673 = -62*w. Let y = 7 - -24. Calculate the greatest common factor of w and y.
31
Suppose -2*o - o = -378. Let s = 1954 + -1870. Calculate the greatest common factor of s and o.
42
Let p(k) = k**3 - 5*k**2 - 20*k + 2. Let m be p(9). Let v = m + -137. Calculate the greatest common factor of v and 9.
9
Suppose 51*d - 35*d - 176 = 0. What is the greatest common factor of d and 473?
11
Let b = -355 - -380. Calculate the greatest common factor of 1325 and b.
25
Suppose a - 4 = -3*a. Let w(j) be the second derivative of 19*j**4/12 - j**3/3 + j**2 - 18*j. Let v be w(a). Calculate the greatest common factor of v and 209.
19
Suppose -4*i = 17*v - 19*v + 210, -2*i = 0. What is the highest common divisor of v and 70?
35
Let r(v) = -2*v - 34. Let q be r(-19). Suppose -q = -11*s + 29. Calculate the greatest common divisor of s and 21.
3
Let k be ((-408)/(-85))/(3/50). Let j = k + 41. Suppose 0*t - 32 = -4*c - 4*t, 28 = 2*c - 2*t. What is the greatest common divisor of c and j?
11
Suppose 31 - 87 = -4*o. Suppose -o*t + 608 = -12*t. What is the greatest common divisor of 19 and t?
19
Suppose -3*d + 0*d + 3*c - 6 = 0, -2*d - 5*c = -10. Let r be (32 - 6)*(d - -1). What is the highest common factor of 26 and r?
26
Let k be ((2 - -1) + 0)/((-39)/(-260)). Suppose 3*r = 9, -169 = -4*o - 0*o - 3*r. Calculate the greatest common divisor of k and o.
20
Let k be 689585/927 + (-2)/(-18). What is the highest common factor of 24 and k?
24
Let o(f) = -f - 6. Let i be o(-6). Suppose -4*n - 2*b + 63 = 3*b, -5*n + 4*b + 130 = i. Calculate the greatest common divisor of 77 and n.
11
Suppose v + 145 = 5*c, 5*c - 7 = -v + 138. What is the greatest common divisor of 203 and c?
29
Let s(j) = -3*j**2 + 5*j + 17. Let f be s(6). Let h = 89 + f. Suppose 3*r - 8 - h = 0. What is the greatest common factor of r and 18?
6
Let z(y) = 13*y**2 + 4*y + 33. Let h be z(-4). What is the highest common divisor of 100 and h?
25
Suppose -5*t + 14 = -1. Let b(l) = -l - 1 + l**t + 0*l**3 - l**3 + l**2 - 9*l**3. Let s be b(-1). What is the highest common factor of s and 30?
10
Let y be ((-4)/(-12))/((-3)/(-9)) + 3. Suppose y*q = 30 + 42. What is the greatest common divisor of 45 and q?
9
Let f = -872 - -911. What is the greatest common divisor of 39 and f?
39
Let p be 2 - 295/(-5) - -4. Suppose 4*s - 7*g - p = -2*g, 3*s - 2*g = 40. Calculate the greatest common factor of s and 15.
5
Let g(d) = 4*d - 8. Let w be g(3). What is the greatest common factor of w and 26?
2
Suppose -2*q + r + 281 = 25, 3*q = 5*r + 370. Suppose 5*o = -4*b, 4*o = -o + 2*b. Suppose o = -y - 0 + 13. Calculate the highest common divisor of y and q.
13
Let g(b) = -8*b + 8. Let f be g(0). Calculate the greatest common factor of f and 148.
4
Let y be (-638)/(-22) - 3*4/3. Let q = 522 - 347. Calculate the highest common divisor of y and q.
25
Let y(s) = 6*s**2 - 16*s - 21. Let c(u) = 3*u**2 - 8*u - 11. Let b(z) = -7*c(z) + 4*y(z). Let f be b(5). What is the highest common divisor of 252 and f?
28
Let s(i) = 2*i**2 - 36*i - 31. Let z be s(19). Calculate the highest common factor of 56 and z.
7
Let x = -199 - -48. Let b = x + 261. Calculate the greatest common divisor of 11 and b.
11
Suppose 0 = -5*y + 68 + 77. Let t = 0 - -3. Suppose -t*x - 6 = 0, -5*d + 3*d + 226 = 3*x. Calculate the greatest common factor of y and d.
29
Suppose 0 = -5*k - 3*y + 646, -56*y + 136 = k - 52*y. Calculate the highest common factor of 16 and k.
16
Let d = 204 - -76. What is the highest common divisor of 40 and d?
40
Let c = -100 - -95. Let z be 1*(0 + 0) - -3. Let x = z - c. Calculate the highest common divisor of x and 24.
8
Suppose -2*m - 28 = 5*h + 38, h + 5*m + 4 = 0. Let a = 6 + -6. Let f = a - h. What is the greatest common factor of 21 and f?
7
Let r be -19 + 7 + 0/1. Let w be (1 + -2)/(r/60). Let q(t) = 2*t - 3. Let a be q(4). Calculate the highest common divisor of w and a.
5
Let m be 9/(18/100) - -1. Let p = 63 - m. What is the highest common factor of 204 and p?
12
Let a(z) = 2*z**2 + 6*z + 7. Suppose -5*k - 38 + 13 = 0. Let u be a(k). Calculate the greatest common divisor of 189 and u.
27
Let q be 6/(-33) + (-228)/(-44). Suppose 2*m = -q*k + 41, 15 = 5*m - 0. What is the greatest common factor of 56 and k?
7
Let m be -4*1 + (-16)/(-2). Let o(p) = -2*p - 4. Let y be o(-3). Suppose -2 - 6 = -y*g. Calculate the greatest common divisor of g and m.
4
Let t(v) be the second derivative of -v**3/6 + 8*v**2 + v. Let h be t(11). Calculate the greatest common factor of 55 and h.
5
Let k = 1359 - 930. Suppose k = -0*t + 3*t. What is the greatest common factor of t and 13?
13
Let r(x) = -x**3 + 23*x**2 - 10*x + 81. Let d be r(22). Calculate the highest common factor of d and 15.
15
Let l = 29 - 34. Let w be (10/6)/(l/(-6)) - -18. What is the greatest common divisor of w and 220?
20
Suppose 0*q - 32 = 4*q. Let p = 12 + q. Suppose -5*w + 24 + 34 = 2*o, 48 = p*w + 2*o. What is the greatest common factor of w and 60?
10
Let q(x) be the third derivative of x**6/120 - 3*x**5/20 - 5*x**4/12 + 7*x**3/3 - 13*x**2. Let b be q(10). What is the highest common divisor of 182 and b?
14
Let l be -6 + 12/(-21) + 12912/56. What is the greatest common divisor of l and 70?
14
Suppose 5*a - 85 = -2*j, 48 = 4*j - 5*a - 77. Calculate the greatest common factor of 350 and j.
35
Suppose -8*u - 18 + 58 = 0. Let w be (0 - 4) + 6 - (-16)/2. Calculate the greatest common divisor of w and u.
5
Let r be (-42)/(-4) - 30/(-20). Suppose 5*l - 3 - 12 = 0. Suppose -17 - 27 = -l*d - 2*m, 0 = -2*d - 3*m + 21. Calculate the greatest common factor of r and d.
6
Let w(t) = -4*t + 4. Suppose 5*q + 0*q = 5*b - 30, 4*b = -2*q - 36. Let o be q*(-4 - 24/(-5)). Let m be w(o). What is the highest common divisor of m and 9?
9
Let f(i) = -i**3 + 8*i**2 - i + 10. Let o be f(8). Let p be (-2 - (-6)/o) + 1. Suppose -p*r = r - 21. Calculate the greatest common divisor of r and 49.
7
Suppose -8*d - 9*d + 34 = 0. What is the greatest common divisor of d and 26?
2
Suppose -2*j + 5*t = -33, j + 0*t - 6 = -t. Suppose -j*c + 8*c = -187. Calculate the greatest common divisor of c and 17.
17
Let p(x) = -x**2 - 18*x + 15. Let r be p(-13). Let a be (-64)/10*40/(-16). What is the greatest common divisor of r and a?
16
Let l = 977 + -667. What is the highest common divisor of l and 20?
10
Suppose -4*b - 4 + 20 = 0. Suppose -b*x - 1 = -21. Calculate the greatest common divisor of 35 and x.
5
Let a = -53 + 69. What is the greatest common divisor of a and 20?
4
Let n = -528 + 5